lse
Is 1674034 composite?
True
Is 9674939 a prime number?
True
Is 359149909 composite?
False
Is 4362451 composite?
False
Is 5181269 prime?
True
Is 3999869 prime?
False
Is 95671097 a prime number?
True
Is 13545197 composite?
True
Is 291677 a composite number?
False
Is 18345319 composite?
True
Is 3757379 composite?
True
Is 9574619 prime?
True
Is 12251 a composite number?
False
Is 2330117 composite?
False
Is 60736111 a prime number?
True
Is 115046213 composite?
False
Is 3093883043 prime?
True
Is 7859887 a composite number?
True
Is 125448121 prime?
True
Is 10309969 prime?
True
Is 12907837 prime?
True
Is 112344931 composite?
True
Is 246664879 composite?
False
Is 12202007 prime?
True
Is 42133043 composite?
False
Is 5059811 a prime number?
False
Is 10932265 composite?
True
Is 150867239 a prime number?
False
Is 33051509 composite?
False
Is 203846887 a composite number?
True
Is 1082881 a composite number?
False
Is 49012847 a composite number?
True
Is 94699 a composite number?
True
Is 266107 prime?
False
Is 144790727 a composite number?
True
Is 5803229 composite?
False
Is 79690139 composite?
True
Is 402635507 a composite number?
True
Is 4349099 composite?
True
Is 14278409 composite?
True
Is 48274619 a composite number?
False
Is 8497 a composite number?
True
Is 1664137 a prime number?
False
Is 5863021 prime?
False
Is 116825131 composite?
False
Is 468719 a prime number?
True
Is 511364951 prime?
True
Is 23813182 a composite number?
True
Is 143537 a prime number?
True
Is 16330229 a prime number?
True
Is 4748153 a prime number?
True
Is 5911057 a composite number?
False
Is 32536381 a prime number?
True
Is 856301 composite?
False
Is 21068963 a prime number?
False
Is 4788731 a prime number?
True
Is 7359323 prime?
True
Is 2611541 prime?
True
Is 7606559 prime?
True
Is 228821335 a composite number?
True
Is 32994601 a prime number?
True
Is 17597518 a composite number?
True
Is 375323189 a prime number?
True
Is 61661773 a prime number?
True
Is 8728037 prime?
True
Is 31316039 prime?
True
Is 1182823 a composite number?
True
Is 32996471 a composite number?
False
Is 493951714 a prime number?
False
Is 176916119 prime?
True
Is 71847847 prime?
True
Is 3665341 a composite number?
True
Is 11340051 a prime number?
False
Is 2598677 composite?
True
Is 35948531 composite?
False
Is 4189499 a prime number?
True
Is 37425271 prime?
False
Is 8185873 prime?
True
Is 99530837 a composite number?
True
Is 49982903 a prime number?
False
Is 31167337 a composite number?
True
Is 151471693 a prime number?
True
Is 341371 a composite number?
True
Is 32998237 a composite number?
True
Is 3993943 a composite number?
False
Is 11404713 a prime number?
False
Is 685687451 a composite number?
False
Is 110777127 a prime number?
False
Is 101426557 composite?
False
Is 4814137 composite?
False
Is 6433613 a prime number?
True
Is 49615451 prime?
False
Is 5396597 prime?
False
Is 365074 composite?
True
Is 340346983 composite?
False
Is 509909 a prime number?
True
Is 68866211 a composite number?
True
Is 38253991 prime?
False
Is 36417841 a prime number?
False
Is 4006001 a prime number?
True
Is 2869241 a prime number?
True
Is 291579737 a prime number?
True
Is 4634611 prime?
False
Is 902774009 prime?
False
Is 22531 a prime number?
True
Is 227580193 a composite number?
True
Is 51169045 a composite number?
True
Is 111445091 a composite number?
True
Is 8798683 a composite number?
False
Is 1273267 composite?
False
Is 1041779867 prime?
True
Is 31947421 a prime number?
False
Is 49589845 a composite number?
True
Is 10894623 composite?
True
Is 478537 a composite number?
True
Is 185139005 composite?
True
Is 836609 composite?
False
Is 27128767 prime?
True
Is 264019133 a prime number?
False
Is 2052407 prime?
False
Is 628415 prime?
False
Is 9172481 a prime number?
True
Is 18366151 a prime number?
False
Is 636697 a prime number?
True
Is 88168739 composite?
False
Is 5120201 a prime number?
True
Is 1315081 prime?
True
Is 27749399 composite?
True
Is 55719103 composite?
True
Is 4514207 composite?
False
Is 5029331 composite?
True
Is 4417957 prime?
True
Is 170087641 a prime number?
True
Is 4450613 prime?
True
Is 29502943 a prime number?
True
Is 269513 prime?
True
Is 11411879 composite?
True
Is 16528447 prime?
False
Is 4999427 a composite number?
False
Is 1287289 prime?
True
Is 4953199 composite?
False
Is 104477 prime?
False
Is 1286773 a prime number?
True
Is 110683927 a prime number?
False
Is 44035687 a prime number?
False
Is 37120397 a prime number?
False
Is 6247061 a prime number?
True
Is 945937 a prime number?
True
Is 44568893 a composite number?
True
Is 1648181 a prime number?
True
Is 15990955 composite?
True
Is 29607251 composite?
True
Is 8090351 composite?
True
Is 1022279 a composite number?
True
Is 1048417 a composite number?
True
Is 4482545 a composite number?
True
Is 6243157 composite?
False
Is 13835137 prime?
True
Is 206803 a composite number?
False
Is 1534703 prime?
False
Is 950201 a prime number?
False
Is 53601239 a composite number?
True
Is 25829747 prime?
False
Is 28870913 a prime number?
False
Is 7559267 prime?
True
Is 545505173 a prime number?
False
Is 7754361 a prime number?
False
Is 266828402 composite?
True
Is 21551879 a prime number?
False
Is 25962227 composite?
True
Is 33688141 prime?
True
Is 137151407 prime?
False
Is 1825559 a prime number?
False
Is 1221368477 a prime number?
False
Is 546253681 composite?
True
Is 1097981 prime?
False
Is 980677 composite?
False
Is 27064109 a prime number?
True
Is 394149031 a prime number?
False
Is 9630791 prime?
False
Is 68219729 composite?
False
Is 29251162 composite?
True
Is 1290269 a composite number?
True
Is 2122409 a prime number?
True
Is 1156784705 prime?
False
Is 380662781 composite?
True
Is 13452239 a composite number?
True
Is 22800989 composite?
True
Is 607247 a composite number?
True
Is 83275267 prime?
True
Is 219757561 composite?
True
Is 134741207 prime?
True
Is 11213507 a composite number?
True
Is 276515749 a prime number?
True
Is 83774885 prime?
False
Is 2960509 a composite number?
False
Is 24854461 a prime number?
True
Is 11740117 a composite number?
False
Is 1489954 prime?
False
Is 13681163 a composite number?
False
Is 463949 a prime number?
True
Is 2142499 a prime number?
True
Is 124915571 prime?
False
Is 35621626 a composite number?
True
Is 11606713 a composite number?
False
Is 268795 a composite number?
True
Is 7039685 a composite number?
True
Is 71685359 composite?
False
Is 1015741 a composite number?
True
Is 17819597 a prime number?
True
Is 75249347 composite?
True
Is 737261153 a composite number?
True
Is 15353 composite?
True
Is 400277 prime?
True
Is 177115399 prime?
True
Is 8723221 a prime number?
False
Is 39954919 prime?
True
Is 7750951 composite?
True
Is 17707267 composite?
False
Is 695414 composite?
True
Is 93500021 a composite number?
False
Is 3868847 a prime number?
True
Is 465871 prime?
False
Is 125928947 a composite number?
True
Is 38907773 a composite number?
False
Is 22281893 composite?
True
Is 69445037 composite?
False
Is 8940053 prime?
True
Is 22324979 composite?
False
Is 20268733 a composite number?
False
Is 551059 composite?
False
Is 46899731 a prime number?
False
Is 7178767 a prime number?
True
Is 187125251 prime?
False
Is 10273711 prime?
False
Is 858959861 a prime number?
True
Is 88872653 prime?
False
Is 13167317 a composite number?
False
Is 75635233 composite?
False
Is 1237897 a prime number?
True
Is 175678817 prime?
True
Is 317550739 a prime number?
False
Is 52485379 composite?
True
Is 1319849 composite?
False
Is 32140973 prime?
True
Is 11417701 a composite number?
False
Is 109357973 prime?
False
Is 50437019 prime?
True
Is 53249177 a composite number?
True
Is 15797351 a prime number?
True
Is 187671019 a composite number?
True
Is 193350083 composite?
False
Is 1361257 composite?
True
Is 12928647 prime?
False
Is 5095907 prime?
False
Is 503543 prime?
True
Is 42587723 prime?
True
Is 1480277 composite?
False
Is 15066497 prime?
True
Is 23152093 a prime number?
True
Is 3497465 a prime number?
False
Is 18591821 a composite number?
True
Is 10068383 prime?
False
Is 1244249 a composite number?
False
Is 268146929 composite?
True
Is 61083577 prime?
False
Is 1179803 composite?
True
Is 567107327 a prime number?
True
Is 10352029 a composite number?
False
